s the greatest common factor of r and 14?
14
Suppose 28 = -0*c + 2*c. Suppose 2*b = 3*g - 118, -3*b = g - 26 - 28. What is the greatest common factor of g and c?
14
Suppose 0 = -4*l + 40 - 4. Let i be (1 - -1) + (l - -2). What is the highest common factor of i and 39?
13
Let l be -4*(-15)/12 - -86. What is the greatest common divisor of 7 and l?
7
Let t = -21 + 11. Let f be 2/((-4)/t) - -2. Calculate the highest common factor of f and 49.
7
Let m = -59 + 64. What is the highest common factor of 20 and m?
5
Suppose 0 = -h + 2, -2*o - 3*h = h - 12. Suppose 122 = 4*b + o. Let c = 87 + -42. What is the greatest common divisor of b and c?
15
Let q = 0 - -20. Suppose -b - 4 = 3*l + 8, 16 = -2*b - 4*l. Let p(t) = t**2 - t + 30. Let v be p(b). What is the highest common factor of v and q?
10
Let h = 1 + 5. Suppose -71 = -5*z - h. Calculate the greatest common divisor of 52 and z.
13
Suppose -12*y + 41 = -19. What is the highest common factor of y and 35?
5
Suppose a - 75 = -2*a. Let r = 49 - a. Calculate the highest common divisor of r and 16.
8
Suppose 3*n - 202 + 19 = 0. Suppose 11 + n = 4*t. Calculate the highest common factor of 6 and t.
6
Let u(h) = h**3 - 2*h + 4. Let y be u(0). Calculate the highest common factor of y and 28.
4
Suppose 5*y + 0*w = 4*w + 53, -y - 4*w + 1 = 0. Calculate the greatest common divisor of 36 and y.
9
Let r(m) = -m**2 + 9*m - 6. Let n be r(5). Let v = -5 + n. Suppose 2*p + 378 = 8*p. Calculate the greatest common factor of v and p.
9
Suppose -5*g = -43 - 27. What is the highest common divisor of g and 98?
14
Let i = 0 - -19. What is the highest common divisor of i and 19?
19
Let r(k) = -k**2 - 7*k - 3. Let u = 6 - 13. Let j be r(u). Let v be (j/6)/(2/(-260)). Calculate the greatest common divisor of 13 and v.
13
Let y be 2/(-12) - (-1263)/18. Let z = 49 - 35. Calculate the greatest common factor of z and y.
14
Suppose r - 4*r - 3*q = -27, 3*r = 5*q + 59. Let x = 25 - r. What is the highest common divisor of x and 12?
12
Suppose -4*d = -4*y - 2 + 30, 5*y - 14 = -2*d. Suppose 0*s + 56 = 3*s + n, -4*s - y*n + 80 = 0. Calculate the greatest common factor of s and 3.
3
Let y = 6 - 2. Suppose -3*t = -y*k - 92, 69 - 225 = -4*t - 3*k. Suppose -3*q = 2*u - 62, 4*q + 4*u - 27 = 49. Calculate the greatest common divisor of t and q.
12
Let i be (-402)/(-4) + (-27)/54. Calculate the highest common divisor of 40 and i.
20
Let r(t) = t**3 - 5*t**2 - 4*t + 9. Let p be r(6). Calculate the greatest common divisor of 231 and p.
21
Suppose -10*j = -3*j - 308. Calculate the highest common divisor of 4 and j.
4
Let p = 38 - 15. What is the highest common factor of p and 253?
23
Let o = 81 + -67. Calculate the greatest common divisor of o and 28.
14
Suppose -5*m + 5*y = -2*m - 43, 2*y + 10 = 0. Calculate the greatest common factor of 30 and m.
6
Let x(z) = 6 + 3 + z + 0*z + 0*z. Let h be x(7). Calculate the greatest common factor of h and 8.
8
Suppose 104 = 4*h + 4*r, 0 = -h - 4*h + 2*r + 165. What is the greatest common factor of h and 217?
31
Suppose -7*i = -12*i + 240. Let g be 42*(i/9)/4. Calculate the highest common divisor of 14 and g.
14
Let z(q) = 4*q**2 + 4*q + 4. Let a be z(-3). Suppose 2*u = x + 38, 2*u - a = u + 5*x. Calculate the greatest common factor of 6 and u.
6
Suppose -v - 5*j - 95 - 171 = 0, -3*v = -j + 798. Let m be (v/6)/(1/(-3)). Calculate the highest common divisor of m and 19.
19
Suppose 0 = 3*b + 5*l - 493, -3*b + 2*l + 509 = 3*l. Suppose -5*x + 101 = 7*o - 3*o, -5*o - 3*x + 110 = 0. What is the highest common divisor of b and o?
19
Suppose -66 = -3*y - 3*i, y + 3*i = i + 26. Suppose -2*d = 4, d = -5*f - 0*f + y. Suppose -27 = -f*h + 5. What is the greatest common factor of 56 and h?
8
Let b = -46 + 102. Calculate the highest common factor of b and 7.
7
Let g be (-10)/2*(-21)/5. Let o(h) = h**3 - h**2 + 3*h - 3. Let p be o(2). Calculate the greatest common factor of p and g.
7
Let v = 520 + -360. Calculate the highest common factor of 20 and v.
20
Suppose -s - 6 = 4*j, 5*j = 3*s - 28 - 5. Let d = 0 + 2. Suppose 12 = d*q - 0*q. Calculate the greatest common divisor of q and s.
6
Suppose -5*a + 15 = -5. Suppose a + 2 = 3*i. Calculate the highest common factor of i and 4.
2
Suppose 0*g = g - 8. Let a be (-248)/(-32) - (-2)/g. What is the greatest common factor of a and 32?
8
Suppose 0 = -31*x + 32*x - 32. What is the highest common divisor of x and 8?
8
Let f = 9 - -5. Calculate the greatest common factor of 42 and f.
14
Let o(m) = -4*m**2 + 2 - m**2 - m**3 - 6 + 2*m. Let p be o(-6). What is the highest common factor of 10 and p?
10
Suppose -6 - 2 = -2*q. Suppose -u + 76 = -q*s, 5*u - 6*s = -s + 320. Let d be 81/7 - 6/(-14). What is the highest common factor of u and d?
12
Let g(r) = -r**2 - 5*r + 43. Let t be g(-9). What is the greatest common factor of 7 and t?
7
Suppose 3*m = -59 - 82. Let u = 83 + m. What is the greatest common factor of 90 and u?
18
Suppose 5*k = -2*u + 264, u = k - 39 - 11. Suppose -2*l = 2*l - k. Calculate the highest common factor of l and 13.
13
Let j = 84 - 67. Calculate the highest common divisor of 17 and j.
17
Let y(f) = -f**3 + 2*f**2 - 2*f + 18. Let x be y(0). Calculate the highest common factor of x and 18.
18
Suppose 0 = -s + 4*k + 19, 3*s + 18 - 68 = 5*k. What is the highest common divisor of 3 and s?
3
Let a(b) = 6 + 8 - b + 0. Let c be a(0). Let z be 5 - -2 - (-3 + 3). What is the highest common divisor of z and c?
7
Let u = -9 + 18. Let n be 72/(-20)*15/(-3). What is the greatest common divisor of u and n?
9
Let f(h) = h**2 - h - 2. Let n be f(5). What is the greatest common divisor of n and 18?
18
Suppose -a = 2*a - 4*t - 37, -4*a + 3*t + 40 = 0. Calculate the highest common divisor of a and 7.
7
Suppose -5*w + 4*l + 150 = 0, 2*l + 40 = 5*w - 120. Calculate the highest common divisor of w and 85.
17
Suppose 3 - 13 = -2*n. Suppose 2*l - 23 = -5*q + l, 2*q + n*l = 0. Calculate the greatest common factor of 2 and q.
1
Let b be 4/18 - -321*4/54. Suppose c + 772 = 4*x - 3*c, c - 767 = -4*x. Calculate the greatest common divisor of x and b.
24
Let f = -3 + 7. Suppose -20 = -5*s, -f*n = -5*n - s + 37. Calculate the greatest common factor of 22 and n.
11
Suppose 111 = 5*n - 4. What is the greatest common divisor of 184 and n?
23
Suppose 2*v + 0*f + f = 74, v - 32 = 2*f. Calculate the highest common divisor of 12 and v.
12
Let f(q) = -q + 5. Let g be f(5). Suppose -5*n + 30 = -5*y + 125, -y + 2*n + 14 = g. Let v = -27 + 30. What is the highest common factor of v and y?
3
Let k = -4 + 3. Let d = -16 + 26. Let z = k + d. Calculate the greatest common factor of z and 45.
9
Let c(x) = -20*x. Let m be c(-1). Let q be ((-6)/5)/((-6)/m). Calculate the highest common divisor of 10 and q.
2
Let h be 2*(-2)/(-4) - -2. Suppose -c = -h*c + 80. Calculate the greatest common divisor of 16 and c.
8
Let f = -465 + 710. What is the greatest common divisor of 98 and f?
49
Suppose 4*l + 13 - 33 = 4*k, 0 = 4*l + 4*k - 12. Let d = 9 - l. What is the highest common divisor of d and 25?
5
Suppose -2*g + 3*g = 11. Calculate the greatest common divisor of g and 55.
11
Let q = -50 - -110. Calculate the greatest common factor of q and 40.
20
Let g = -71 + 77. What is the greatest common divisor of g and 3?
3
Suppose 5*o - 2*m = m + 47, 3*o - 34 = -4*m. Suppose -r + o = r. What is the greatest common divisor of 45 and r?
5
Let k be (-3)/(-2) - (-27)/2. What is the greatest common divisor of k and 45?
15
Let f = -5 + -1. Let r be (0 - -6) + (f - -4). Suppose -c - 18 = -v, 17 = r*v + 3*c - 62. What is the greatest common divisor of 209 and v?
19
Suppose -27 = 4*j - 115. Let x be 2/(-11) - (-70)/j. Calculate the greatest common factor of 2 and x.
1
Let r(d) = d**3 - 3*d**2 + d - 1. Let f be r(3). Let k be ((-20)/(-8))/(5 + (-95)/20). What is the greatest common divisor of f and k?
2
Let f = -144 + 165. Suppose 672 = 2*b + 2*b. What is the greatest common factor of b and f?
21
Let q = -62 + 78. What is the highest common factor of q and 24?
8
Let i(b) = b**3 + b**2 + 1. Let v be i(2). Let p = v + -8. Calculate the highest common divisor of p and 2.
1
Let f = 13 - 10. Suppose -3 = 4*d + 3*n, n = -3*d - f*n - 11. What is the highest common divisor of 24 and d?
3
Let z be (-3)/(-2)*(-44)/(-6). Suppose -16 - 105 = -j. W